t is the hundreds digit of 27581?
5
What is the tens digit of 181?
8
What is the hundreds digit of 1216?
2
What is the units digit of 2119?
9
What is the units digit of 294?
4
What is the units digit of 3071?
1
What is the tens digit of 999?
9
What is the units digit of 6961?
1
What is the hundreds digit of 19298?
2
What is the tens digit of 53438?
3
What is the hundreds digit of 9738?
7
What is the thousands digit of 3267?
3
What is the thousands digit of 9030?
9
What is the thousands digit of 14651?
4
What is the units digit of 16672?
2
What is the thousands digit of 1599?
1
What is the hundreds digit of 10168?
1
What is the hundreds digit of 1916?
9
What is the units digit of 1126?
6
What is the units digit of 21113?
3
What is the tens digit of 3866?
6
What is the hundreds digit of 17042?
0
What is the thousands digit of 10328?
0
What is the hundreds digit of 2970?
9
What is the ten thousands digit of 18482?
1
What is the tens digit of 605?
0
What is the units digit of 213?
3
What is the ten thousands digit of 32855?
3
What is the units digit of 9958?
8
What is the tens digit of 4295?
9
What is the thousands digit of 4395?
4
What is the hundreds digit of 12124?
1
What is the ten thousands digit of 61162?
6
What is the tens digit of 67471?
7
What is the thousands digit of 54718?
4
What is the hundreds digit of 11577?
5
What is the tens digit of 2665?
6
What is the ten thousands digit of 17088?
1
What is the units digit of 1097?
7
What is the hundreds digit of 44913?
9
What is the thousands digit of 13812?
3
What is the hundreds digit of 30493?
4
What is the hundreds digit of 3428?
4
What is the tens digit of 3682?
8
What is the units digit of 24628?
8
What is the units digit of 74646?
6
What is the hundred thousands digit of 165942?
1
What is the hundreds digit of 5379?
3
What is the tens digit of 21965?
6
What is the units digit of 1029?
9
What is the units digit of 685?
5
What is the thousands digit of 2646?
2
What is the hundreds digit of 3199?
1
What is the units digit of 38117?
7
What is the thousands digit of 5922?
5
What is the units digit of 82?
2
What is the ten thousands digit of 95488?
9
What is the tens digit of 34092?
9
What is the units digit of 8061?
1
What is the hundreds digit of 940?
9
What is the hundreds digit of 2790?
7
What is the hundreds digit of 4277?
2
What is the hundreds digit of 23325?
3
What is the tens digit of 50542?
4
What is the units digit of 14758?
8
What is the tens digit of 359?
5
What is the hundreds digit of 580?
5
What is the hundreds digit of 11391?
3
What is the hundreds digit of 582?
5
What is the ten thousands digit of 66812?
6
What is the tens digit of 33426?
2
What is the hundreds digit of 1838?
8
What is the units digit of 3575?
5
What is the thousands digit of 2896?
2
What is the ten thousands digit of 14598?
1
What is the hundreds digit of 10723?
7
What is the ten thousands digit of 23933?
2
What is the hundreds digit of 882?
8
What is the units digit of 95119?
9
What is the thousands digit of 43668?
3
What is the tens digit of 1207?
0
What is the hundreds digit of 2872?
8
What is the thousands digit of 74189?
4
What is the ten thousands digit of 11999?
1
What is the tens digit of 8663?
6
What is the tens digit of 5013?
1
What is the tens digit of 2134?
3
What is the tens digit of 6962?
6
What is the tens digit of 2065?
6
What is the ten thousands digit of 19333?
1
What is the units digit of 5477?
7
What is the hundreds digit of 14046?
0
What is the tens digit of 486?
8
What is the tens digit of 7781?
8
What is the units digit of 457?
7
What is the tens digit of 7780?
8
What is the thousands digit of 92628?
2
What is the units digit of 20115?
5
What is the units digit of 33771?
1
What is the thousands digit of 3290?
3
What is the thousands digit of 4994?
4
What is the tens digit of 2104?
0
What is the units digit of 63766?
6
What is the tens digit of 1394?
9
What is the ten thousands digit of 45914?
4
What is the ten thousands digit of 88691?
8
What is the units digit of 3121?
1
What is the units digit of 2277?
7
What is the tens digit of 8761?
6
What is the hundreds digit of 2831?
8
What is the thousands digit of 32688?
2
What is the units digit of 893?
3
What is the units digit of 816?
6
What is the tens digit of 3451?
5
What is the thousands digit of 22722?
2
What is the hundreds digit of 1792?
7
What is the thousands digit of 6395?
6
What is the hundreds digit of 98437?
4
What is the hundreds digit of 577?
5
What is the tens digit of 54?
5
What is the thousands digit of 23122?
3
What is the tens digit of 166?
6
What is the hundreds digit of 11830?
8
What is the thousands digit of 138572?
8
What is the tens digit of 1474?
7
What is the tens digit of 586?
8
What is the hundreds digit of 17397?
3
What is the thousands digit of 11875?
1
What is the hundreds digit of 4228?
2
What is the hundreds digit of 36000?
0
What is the hundreds digit of 39933?
9
What is the hundreds digit of 735?
7
What is the thousands digit of 37070?
7
What is the ten thousands digit of 62833?
6
What is the tens digit of 19293?
9
What is the hundred thousands digit of 101722?
1
What is the tens digit of 1500?
0
What is the tens digit of 8988?
8
What is the thousands digit of 8002?
8
What is the tens digit of 674?
7
What is the units digit of 65?
5
What is the hundreds digit of 2615?
6
What is the hundreds digit of 395?
3
What is the units digit of 652?
2
What is the ten thousands digit of 13511?
1
What is the hundreds digit of 14305?
3
What is the units digit of 30169?
9
What is the units digit of 11511?
1
What is the units digit of 1563?
3
What is the tens digit of 10836?
3
What is the tens digit of 1142?
4
What is the ten thousands digit of 62204?
6
What is the tens digit of 1437?
3
What is the hundreds digit of 3741?
7
What is the hundreds digit of 6006?
0
What is the thousands digit of 68477?
8
What is the units digit of 84208?
8
What is the hundreds digit of 206?
2
What is the ten thousands digit of 42426?
4
What is the ten thousands digit of 59599?
5
What is the units digit of 7213?
3
What is the hundreds digit of 937?
9
What is the units digit of 50575?
5
What is the tens digit of 131?
3
What is the units digit of 149136?
6
What is the hundreds digit of 7785?
7
What is the hundreds digit of 992?
9
What is the tens digit of 31869?
6
What is the units digit of 253?
3
What is the hundreds digit of 3241?
2
What is the tens digit of 2722?
2
What is the tens digit of 20237?
3
What is the tens digit of 247?
4
What is the thousands digit of 81036?
1
What is the thousands digit of 9139?
9
What is the tens digit of 8765?
6
What is the hundreds digit of 23875?
8
What is the units digit of 3768?
8
What is the hundreds digit of 456?
4
What is the units digit of 2559?
9
What is the thousands digit of 16485?
6
What is the hundreds digit of 1715?
7
What is the hundreds digit of 744?
7
What is the ten thousands digit of 53182?
5
What is the hundreds digit of 9749?
7
What is the hundreds digit of 74074?
0
What is the hundreds digit of 9523?
5
What is the hundreds digit of 839?
8
What is the tens digit of 51393?
9
What is the ten thousands digit of 23262?
2
What is the tens digit of 26094?
9
What is the tens digit of 198?
9
What is the hundreds digit of 49695?
6
What is the tens digit of 1132?
3
What is the hundreds digit of 1218?
2
What is the tens digit of 2675?
7
What is the tens digit of 17602?
0
What is the tens digit of 38595?
9
What is the tens digit of 28150?
5
What is the hundreds digit of 3899?
8
What is the units digit of 361?
1
What is the hundreds digit of 2513?
5
What is the ten thousands digit of 17443?
1
What is the hundreds digit of 70488?
4
What is the hundreds digit of 1415?
4
What is the tens digit of 329?
2
What is the thousands digit of 2173?
2
What is the thousands digit of 50750?
0
What is the units digit of 484?
4
What is the tens digit of 3252?
5
What is the ten thousands digit of 17785?
1
What is the units digit of 47564?
4
What is the hundreds digit of 4324?
3
What is the hundreds digit of 50187?
1
What is the units digit of 812?
2
What is the thousands digit of 2608?
2
What is the hundreds digit of 17133?
1
What is the hundreds digit of 6525?
5
What is the thousands digit of 4951?
4
What is the hu